{"id":928,"date":"2024-12-24T13:48:40","date_gmt":"2024-12-24T12:48:40","guid":{"rendered":"https:\/\/villapresente.online\/?p=928"},"modified":"2025-12-21T11:44:27","modified_gmt":"2025-12-21T10:44:27","slug":"centrales-electricas","status":"publish","type":"page","link":"https:\/\/villapresente.online\/?page_id=928","title":{"rendered":"CENTRALES EL\u00c9CTRICAS"},"content":{"rendered":"\n<figure class=\"wp-block-image size-large\"><img loading=\"lazy\" decoding=\"async\" width=\"1024\" height=\"768\" src=\"https:\/\/villapresente.online\/wp-content\/uploads\/2024\/12\/presa-Bedon-1-1024x768.jpg\" alt=\"\" class=\"wp-image-930\" srcset=\"https:\/\/villapresente.online\/wp-content\/uploads\/2024\/12\/presa-Bedon-1-1024x768.jpg 1024w, https:\/\/villapresente.online\/wp-content\/uploads\/2024\/12\/presa-Bedon-1-300x225.jpg 300w, https:\/\/villapresente.online\/wp-content\/uploads\/2024\/12\/presa-Bedon-1-768x576.jpg 768w, https:\/\/villapresente.online\/wp-content\/uploads\/2024\/12\/presa-Bedon-1-1536x1152.jpg 1536w, https:\/\/villapresente.online\/wp-content\/uploads\/2024\/12\/presa-Bedon-1-2048x1536.jpg 2048w\" sizes=\"auto, (max-width: 1024px) 100vw, 1024px\" \/><\/figure>\n\n\n\n<p>Tras las terribles inundaciones de Valencia los t\u00e9cnicos especialistas en ingenier\u00eda hidr\u00e1ulica aseguraron que los da\u00f1os y los muertos se hubieran minimizado con la construcci\u00f3n de la presa de Cheste actuando como freno y relentizaci\u00f3n de la mortal riada.<\/p>\n\n\n\n<p>Sin embargo, \u201c<em>La Confederaci\u00f3n Hidrogr\u00e1fica del Norte\u201d<\/em>, con un criterio totalmente opuesto cree que todos los azudes que han terminado su periodo de explotaci\u00f3n han de ser destruidos y dejar que las aguas corran libremente, sin valorar las caracter\u00edsticas especiales de cada una de ellas. Habr\u00eda que proteger y activar las peque\u00f1as centrales hidroel\u00e9ctricas que en tiempos no muy lejanos han producido peque\u00f1as cantidades de electricidad. En Villapresente hay dos aun productivas: Monta\u00f1a y Bustamante.<\/p>\n\n\n\n<p>La presente p\u00e1gina pretende analizar sobre el pasado de lo que fue el nacimiento de la electricidad en Cantabria en \u00abPav\u00f3n\u00bb y \u00abMonta\u00f1a\u00bb y la lucha por mantener y proteger nuestro patrimonio hist\u00f3rico e industrial.<\/p>\n\n\n\n<p><a href=\"http:\/\/villapresente.online\/wp-content\/uploads\/2025\/03\/CENTRALES-ELECTRICAS-EN-VILLAPRESENTE.pdf\" title=\"\">CENTRALES EL\u00c9CTRICAS EN VILLAPRESENTE PDF<\/a><\/p>\n\n\n\n<p><a href=\"http:\/\/villapresente.online\/wp-content\/uploads\/2024\/12\/EACENTRAL-EL-PAVON.pdf\" title=\"\">ESTUDIO DE ALTERNATIVAS PARA PAV\u00d3N DEL AYUNTAMIENTO DE REOC\u00cdN PDF<\/a><\/p>\n\n\n\n<p><a href=\"https:\/\/emea01.safelinks.protection.outlook.com\/?url=https%3A%2F%2Fwww.eldiariomontanes.es%2Fregion%2Fbesaya%2Fpavon-central-reocin-proceso-proteccion-desaparecer-20241224072535-nt.html&amp;data=05%7C02%7C%7Ce06605326c604d3482cc08dd2401313a%7C84df9e7fe9f640afb435aaaaaaaaaaaa%7C1%7C0%7C638706309719382885%7CUnknown%7CTWFpbGZsb3d8eyJFbXB0eU1hcGkiOnRydWUsIlYiOiIwLjAuMDAwMCIsIlAiOiJXaW4zMiIsIkFOIjoiTWFpbCIsIldUIjoyfQ%3D%3D%7C0%7C%7C%7C&amp;sdata=6RMTiZxnEvR6qundAhJXw4VI20QR8XBYB%2FiD6Sk%2BmLY%3D&amp;reserved=0\" title=\"\">ART\u00cdCULO DEL \u00abDIARIO MONTA\u00d1ES\u00bb DEL DIA 24 DE DICIEMBRE DE 2024<\/a><\/p>\n\n\n\n<p><a href=\"http:\/\/villapresente.online\/wp-content\/uploads\/2025\/02\/BOC-27-2-2025-incoacion-BIL-El-Pavon.pdf\" title=\"\">PUBLICACI\u00d3N EN EL BOC DEL INICIO DE INCOACI\u00d3N DE UN BIL PARA PAV\u00d3N<\/a><\/p>\n\n\n\n<p><\/p>\n\n\n\n<p><\/p>\n","protected":false},"excerpt":{"rendered":"<p>Tras las terribles inundaciones de Valencia los t\u00e9cnicos especialistas en ingenier\u00eda hidr\u00e1ulica aseguraron que los da\u00f1os y los muertos se hubieran minimizado con la construcci\u00f3n de la presa de Cheste actuando como freno y relentizaci\u00f3n de la mortal riada. Sin <a class=\"more-link\" href=\"https:\/\/villapresente.online\/?page_id=928\">Seguir leyendo <span class=\"screen-reader-text\">  CENTRALES EL\u00c9CTRICAS<\/span><span class=\"meta-nav\">&rarr;<\/span><\/a><\/p>\n","protected":false},"author":1,"featured_media":0,"parent":0,"menu_order":3,"comment_status":"closed","ping_status":"closed","template":"","meta":{"om_disable_all_campaigns":false,"_monsterinsights_skip_tracking":false,"_monsterinsights_sitenote_active":false,"_monsterinsights_sitenote_note":"","_monsterinsights_sitenote_category":0,"footnotes":""},"class_list":["post-928","page","type-page","status-publish","hentry"],"aioseo_notices":[],"_links":{"self":[{"href":"https:\/\/villapresente.online\/index.php?rest_route=\/wp\/v2\/pages\/928","targetHints":{"allow":["GET"]}}],"collection":[{"href":"https:\/\/villapresente.online\/index.php?rest_route=\/wp\/v2\/pages"}],"about":[{"href":"https:\/\/villapresente.online\/index.php?rest_route=\/wp\/v2\/types\/page"}],"author":[{"embeddable":true,"href":"https:\/\/villapresente.online\/index.php?rest_route=\/wp\/v2\/users\/1"}],"replies":[{"embeddable":true,"href":"https:\/\/villapresente.online\/index.php?rest_route=%2Fwp%2Fv2%2Fcomments&post=928"}],"version-history":[{"count":8,"href":"https:\/\/villapresente.online\/index.php?rest_route=\/wp\/v2\/pages\/928\/revisions"}],"predecessor-version":[{"id":1079,"href":"https:\/\/villapresente.online\/index.php?rest_route=\/wp\/v2\/pages\/928\/revisions\/1079"}],"wp:attachment":[{"href":"https:\/\/villapresente.online\/index.php?rest_route=%2Fwp%2Fv2%2Fmedia&parent=928"}],"curies":[{"name":"wp","href":"https:\/\/api.w.org\/{rel}","templated":true}]}}

CENTRALES ELÉCTRICAS

<figure class="wp-block-image size-large"><img loading="lazy" decoding="async" width="1024" height="768" src="https://villapresente.online/wp-content/uploads/2024/12/presa-Bedon-1-1024x768.jpg" alt="" class="wp-image-930" srcset="https://villapresente.online/wp-content/uploads/2024/12/presa-Bedon-1-1024x768.jpg 1024w, https://villapresente.online/wp-content/uploads/2024/12/presa-Bedon-1-300x225.jpg 300w, https://villapresente.online/wp-content/uploads/2024/12/presa-Bedon-1-768x576.jpg 768w, https://villapresente.online/wp-content/uploads/2024/12/presa-Bedon-1-1536x1152.jpg 1536w, https://villapresente.online/wp-content/uploads/2024/12/presa-Bedon-1-2048x1536.jpg 2048w" sizes="auto, (max-width: 1024px) 100vw, 1024px" /></figure>



<p>Tras las terribles inundaciones de Valencia los técnicos especialistas en ingeniería hidráulica aseguraron que los daños y los muertos se hubieran minimizado con la construcción de la presa de Cheste actuando como freno y relentización de la mortal riada.</p>



<p>Sin embargo, “<em>La Confederación Hidrográfica del Norte”</em>, con un criterio totalmente opuesto cree que todos los azudes que han terminado su periodo de explotación han de ser destruidos y dejar que las aguas corran libremente, sin valorar las características especiales de cada una de ellas. Habría que proteger y activar las pequeñas centrales hidroeléctricas que en tiempos no muy lejanos han producido pequeñas cantidades de electricidad. En Villapresente hay dos aun productivas: Montaña y Bustamante.</p>



<p>La presente página pretende analizar sobre el pasado de lo que fue el nacimiento de la electricidad en Cantabria en «Pavón» y «Montaña» y la lucha por mantener y proteger nuestro patrimonio histórico e industrial.</p>



<p><a href="http://villapresente.online/wp-content/uploads/2025/03/CENTRALES-ELECTRICAS-EN-VILLAPRESENTE.pdf" title="">CENTRALES ELÉCTRICAS EN VILLAPRESENTE PDF</a></p>



<p><a href="http://villapresente.online/wp-content/uploads/2024/12/EACENTRAL-EL-PAVON.pdf" title="">ESTUDIO DE ALTERNATIVAS PARA PAVÓN DEL AYUNTAMIENTO DE REOCÍN PDF</a></p>



<p><a href="https://emea01.safelinks.protection.outlook.com/?url=https%3A%2F%2Fwww.eldiariomontanes.es%2Fregion%2Fbesaya%2Fpavon-central-reocin-proceso-proteccion-desaparecer-20241224072535-nt.html&amp;data=05%7C02%7C%7Ce06605326c604d3482cc08dd2401313a%7C84df9e7fe9f640afb435aaaaaaaaaaaa%7C1%7C0%7C638706309719382885%7CUnknown%7CTWFpbGZsb3d8eyJFbXB0eU1hcGkiOnRydWUsIlYiOiIwLjAuMDAwMCIsIlAiOiJXaW4zMiIsIkFOIjoiTWFpbCIsIldUIjoyfQ%3D%3D%7C0%7C%7C%7C&amp;sdata=6RMTiZxnEvR6qundAhJXw4VI20QR8XBYB%2FiD6Sk%2BmLY%3D&amp;reserved=0" title="">ARTÍCULO DEL «DIARIO MONTAÑES» DEL DIA 24 DE DICIEMBRE DE 2024</a></p>



<p><a href="http://villapresente.online/wp-content/uploads/2025/02/BOC-27-2-2025-incoacion-BIL-El-Pavon.pdf" title="">PUBLICACIÓN EN EL BOC DEL INICIO DE INCOACIÓN DE UN BIL PARA PAVÓN</a></p>



<p></p>



<p></p>

<p>Tras las terribles inundaciones de Valencia los técnicos especialistas en ingeniería hidráulica aseguraron que los daños y los muertos se hubieran minimizado con la construcción de la presa de Cheste actuando como freno y relentización de la mortal riada. Sin <a class="more-link" href="https://villapresente.online/?page_id=928">Seguir leyendo <span class="screen-reader-text">  CENTRALES ELÉCTRICAS</span><span class="meta-nav">&rarr;</span></a></p>
