{"id":877,"date":"2024-09-20T12:41:01","date_gmt":"2024-09-20T10:41:01","guid":{"rendered":"https:\/\/villapresente.online\/?p=877"},"modified":"2025-05-22T11:09:50","modified_gmt":"2025-05-22T09:09:50","slug":"un-rio-eterno","status":"publish","type":"page","link":"https:\/\/villapresente.online\/?page_id=877","title":{"rendered":"UN R\u00cdO ETERNO"},"content":{"rendered":"\n<p><strong>Jos\u00e9 Juanco Linares*<\/strong>(y hermanos)<\/p>\n\n\n\n<figure class=\"wp-block-image size-large\"><img loading=\"lazy\" decoding=\"async\" width=\"746\" height=\"1024\" src=\"https:\/\/villapresente.online\/wp-content\/uploads\/2024\/09\/recorte-Juanco-746x1024.jpg\" alt=\"\" class=\"wp-image-878\" srcset=\"https:\/\/villapresente.online\/wp-content\/uploads\/2024\/09\/recorte-Juanco-746x1024.jpg 746w, https:\/\/villapresente.online\/wp-content\/uploads\/2024\/09\/recorte-Juanco-218x300.jpg 218w, https:\/\/villapresente.online\/wp-content\/uploads\/2024\/09\/recorte-Juanco.jpg 761w\" sizes=\"auto, (max-width: 746px) 100vw, 746px\" \/><\/figure>\n\n\n\n<div class=\"wp-block-group is-vertical is-layout-flex wp-container-core-group-is-layout-8cf370e7 wp-block-group-is-layout-flex\">\n<div class=\"wp-block-group is-vertical is-layout-flex wp-container-core-group-is-layout-8cf370e7 wp-block-group-is-layout-flex\">\n<p>La foto debi\u00f3 hacerse entre los a\u00f1os 1955 y 1960, cuando mis padres eran novios. Est\u00e1n en el puente de hierro de la estaci\u00f3n de Santa Isabel de Quijas que, a todos los efectos, tambi\u00e9n es Villapresente. Aqu\u00ed vivo yo, desde hace ya 4 a\u00f1os, en la casa de mis antepasados y en la que hemos pasado todos los veranos desde 1961.<\/p>\n\n\n\n<p>La frondosidad de los \u00e1rboles, el nivel del r\u00edo y la ropa de mis padres me llevan a pensar que probablemente la foto se tom\u00f3 un d\u00eda soleado de primavera, en una de las excursiones con amigos que a veces hac\u00edan desde Torrelavega. O quiz\u00e1s en esta ocasi\u00f3n vinieron solos, aunque entonces \u00bfqui\u00e9n hizo la foto?. En cualquier caso, para m\u00ed esta foto recoge un entorno especial del r\u00edo. Cuando \u00e9ramos ni\u00f1os muchos d\u00edas baj\u00e1bamos a ba\u00f1arnos donde \u201cPituca\u201d y yo a\u00fan sigo bajando todos los veranos a darme un chapuz\u00f3n. Recuerdo tambi\u00e9n los d\u00edas que pescaba aquellos cangrejos que se pon\u00edan coloraos cuando los coc\u00eda Carmen \u201cla Rubia\u201d y c\u00f3mo sub\u00eda con ellos a casa tan contento. Pero la imagen m\u00e1s potente que retengo es la de mi padre lanz\u00e1ndose de cabeza al r\u00edo desde el \u201cPont\u00f3n\u201d (o \u201cPunt\u00f3n\u201d) ese puente de piedra que se ve en un segundo plano en la foto, y que ah\u00ed sigue. Nosotros ve\u00edamos con emoci\u00f3n c\u00f3mo mi padre sub\u00eda al puente, se preparaba, se lanzaba y, despu\u00e9s de caer en picado, volv\u00eda a la orilla donde le esper\u00e1bamos emocionados y orgullosos. A m\u00ed entonces mi padre me parec\u00eda Tarz\u00e1n o Johnny Wiessm\u00fcller nadando hacia nosotros con su estiloso <em>crol<\/em>.<\/p>\n\n\n\n<p>Quiz\u00e1s por esto a m\u00ed esta foto siempre me ha parecido una foto del rodaje de una pel\u00edcula americana de los 50, en blanco y negro, como la foto. Obviamente mis padres son los actores principales y van vestidos con la ropa de \u201centonces\u201d: el pelo recogido de mi madre, su rebeca recatada tipo a la que Joan Fontaine populariz\u00f3 en la pel\u00edcula <em>Rebecca<\/em> una d\u00e9cada antes; la falda amplia y larga pero no tanto como para que no puedan verse sus \u201csabrinas\u201d (en Espa\u00f1a \u201cmanoletinas\u201d) que igualmente puso de moda Audrey Hepburn en su pel\u00edcula <em>Sabrina<\/em> de 1954. Por su parte, mi padre me recuerda a James Dean con su jersey deportivo, no en vano fue portero de f\u00fatbol del Chiclana, incluso del C\u00e1diz, cuando estudiaba medicina en la \u201cTacita de plata\u201d. Ya entonces era novio de la que ser\u00eda nuestra madre y, seg\u00fan nos contaban \u00a1estuvieron a\u00f1os escribi\u00e9ndose una carta diaria!<\/p>\n\n\n\n<p>Por todo esto me gusta imaginar que la foto corresponde al rodaje de una pel\u00edcula de \u00e9poca y, por qu\u00e9 no, que mis padres est\u00e1n en un descanso que aprovechan para cortejarse tal como evidencian su postura, sus gestos y sus miradas. \u00c9l mir\u00e1ndola enamorado\u2026 ella mirando al suelo y sonriendo por lo que \u00e9l le acaba de decir\u2026 Todo ocurre en este r\u00edo rom\u00e1ntico que no distingue entre la realidad y la ficci\u00f3n, entre el pasado, el presente y el futuro sino que discurre en un presente eterno. Este r\u00edo que llev\u00f3 sus cenizas hasta el mar porque el mar no es el morir, como cant\u00f3 Jorge Manrique, sino la eternidad.<\/p>\n<\/div>\n\n\n\n<p><\/p>\n<\/div>\n\n\n\n<p>*<em>Jos\u00e9 Juanco Linares, hijo de Jos\u00e9 \u00c1ngel Juanco G\u00f3mez de la Casa y de \u00c1ngela Linares Ortiz. Nac\u00ed\u00f3 en Torrelavega en 1961, estudi\u00f3 Filosof\u00eda Pura en Madrid en donde ha vivido hasta hace 4 a\u00f1os que ha vuelto a Villapresente. Trabaj\u00f3 haciendo estudios sociol\u00f3gicos en varias empresas hasta que mont\u00f3 su peque\u00f1a empresa dentro de este sector. De ah\u00ed pas\u00f3 a ser Director de Planificaci\u00f3n Estrat\u00e9gica durante 16 a\u00f1os de Ogilvy Espa\u00f1a, una agencia multinacional de publicidad. Desde 2019 sigue haciendo trabajos freelance de Estrategia de Comunicaci\u00f3n y Marcas. En paralelo, desde que acab\u00f3 la carrera ha desarrollado lo que es su vocaci\u00f3n personal, la ense\u00f1anza. Ha impartido e imparte clases en distintos centros y disciplinas: Historia de la filosof\u00eda (COU) Teor\u00eda de la Publicidad, Teor\u00eda de la Cultura, Imagen Corporativa, Comunicaci\u00f3n RSC y Planificaci\u00f3n Estrat\u00e9gica en la Univ. Complutense de Madrid donde sigue dando la \u00faltima asignatura mencionada. Tambi\u00e9n en distintos M\u00e1steres sobre materias semejantes en diversos centros y universidades. Desde hace unos 3 a\u00f1os colabora escribiendo art\u00edculos de opini\u00f3n en el Diario Monta\u00f1\u00e9s.<\/em><\/p>\n","protected":false},"excerpt":{"rendered":"<p>Jos\u00e9 Juanco Linares*(y hermanos) La foto debi\u00f3 hacerse entre los a\u00f1os 1955 y 1960, cuando mis padres eran novios. Est\u00e1n en el puente de hierro de la estaci\u00f3n de Santa Isabel de Quijas que, a todos los efectos, tambi\u00e9n es <a class=\"more-link\" href=\"https:\/\/villapresente.online\/?page_id=877\">Seguir leyendo <span class=\"screen-reader-text\">  UN R\u00cdO ETERNO<\/span><span class=\"meta-nav\">&rarr;<\/span><\/a><\/p>\n","protected":false},"author":1,"featured_media":0,"parent":0,"menu_order":7,"comment_status":"closed","ping_status":"closed","template":"","meta":{"om_disable_all_campaigns":false,"_monsterinsights_skip_tracking":false,"_monsterinsights_sitenote_active":false,"_monsterinsights_sitenote_note":"","_monsterinsights_sitenote_category":0,"footnotes":""},"class_list":["post-877","page","type-page","status-publish","hentry"],"aioseo_notices":[],"_links":{"self":[{"href":"https:\/\/villapresente.online\/index.php?rest_route=\/wp\/v2\/pages\/877","targetHints":{"allow":["GET"]}}],"collection":[{"href":"https:\/\/villapresente.online\/index.php?rest_route=\/wp\/v2\/pages"}],"about":[{"href":"https:\/\/villapresente.online\/index.php?rest_route=\/wp\/v2\/types\/page"}],"author":[{"embeddable":true,"href":"https:\/\/villapresente.online\/index.php?rest_route=\/wp\/v2\/users\/1"}],"replies":[{"embeddable":true,"href":"https:\/\/villapresente.online\/index.php?rest_route=%2Fwp%2Fv2%2Fcomments&post=877"}],"version-history":[{"count":1,"href":"https:\/\/villapresente.online\/index.php?rest_route=\/wp\/v2\/pages\/877\/revisions"}],"predecessor-version":[{"id":879,"href":"https:\/\/villapresente.online\/index.php?rest_route=\/wp\/v2\/pages\/877\/revisions\/879"}],"wp:attachment":[{"href":"https:\/\/villapresente.online\/index.php?rest_route=%2Fwp%2Fv2%2Fmedia&parent=877"}],"curies":[{"name":"wp","href":"https:\/\/api.w.org\/{rel}","templated":true}]}}

UN RÍO ETERNO

<p><strong>José Juanco Linares*</strong>(y hermanos)</p>



<figure class="wp-block-image size-large"><img loading="lazy" decoding="async" width="746" height="1024" src="https://villapresente.online/wp-content/uploads/2024/09/recorte-Juanco-746x1024.jpg" alt="" class="wp-image-878" srcset="https://villapresente.online/wp-content/uploads/2024/09/recorte-Juanco-746x1024.jpg 746w, https://villapresente.online/wp-content/uploads/2024/09/recorte-Juanco-218x300.jpg 218w, https://villapresente.online/wp-content/uploads/2024/09/recorte-Juanco.jpg 761w" sizes="auto, (max-width: 746px) 100vw, 746px" /></figure>



<div class="wp-block-group is-vertical is-layout-flex wp-container-core-group-is-layout-8cf370e7 wp-block-group-is-layout-flex">
<div class="wp-block-group is-vertical is-layout-flex wp-container-core-group-is-layout-8cf370e7 wp-block-group-is-layout-flex">
<p>La foto debió hacerse entre los años 1955 y 1960, cuando mis padres eran novios. Están en el puente de hierro de la estación de Santa Isabel de Quijas que, a todos los efectos, también es Villapresente. Aquí vivo yo, desde hace ya 4 años, en la casa de mis antepasados y en la que hemos pasado todos los veranos desde 1961.</p>



<p>La frondosidad de los árboles, el nivel del río y la ropa de mis padres me llevan a pensar que probablemente la foto se tomó un día soleado de primavera, en una de las excursiones con amigos que a veces hacían desde Torrelavega. O quizás en esta ocasión vinieron solos, aunque entonces ¿quién hizo la foto?. En cualquier caso, para mí esta foto recoge un entorno especial del río. Cuando éramos niños muchos días bajábamos a bañarnos donde “Pituca” y yo aún sigo bajando todos los veranos a darme un chapuzón. Recuerdo también los días que pescaba aquellos cangrejos que se ponían coloraos cuando los cocía Carmen “la Rubia” y cómo subía con ellos a casa tan contento. Pero la imagen más potente que retengo es la de mi padre lanzándose de cabeza al río desde el “Pontón” (o “Puntón”) ese puente de piedra que se ve en un segundo plano en la foto, y que ahí sigue. Nosotros veíamos con emoción cómo mi padre subía al puente, se preparaba, se lanzaba y, después de caer en picado, volvía a la orilla donde le esperábamos emocionados y orgullosos. A mí entonces mi padre me parecía Tarzán o Johnny Wiessmüller nadando hacia nosotros con su estiloso <em>crol</em>.</p>



<p>Quizás por esto a mí esta foto siempre me ha parecido una foto del rodaje de una película americana de los 50, en blanco y negro, como la foto. Obviamente mis padres son los actores principales y van vestidos con la ropa de “entonces”: el pelo recogido de mi madre, su rebeca recatada tipo a la que Joan Fontaine popularizó en la película <em>Rebecca</em> una década antes; la falda amplia y larga pero no tanto como para que no puedan verse sus “sabrinas” (en España “manoletinas”) que igualmente puso de moda Audrey Hepburn en su película <em>Sabrina</em> de 1954. Por su parte, mi padre me recuerda a James Dean con su jersey deportivo, no en vano fue portero de fútbol del Chiclana, incluso del Cádiz, cuando estudiaba medicina en la “Tacita de plata”. Ya entonces era novio de la que sería nuestra madre y, según nos contaban ¡estuvieron años escribiéndose una carta diaria!</p>



<p>Por todo esto me gusta imaginar que la foto corresponde al rodaje de una película de época y, por qué no, que mis padres están en un descanso que aprovechan para cortejarse tal como evidencian su postura, sus gestos y sus miradas. Él mirándola enamorado… ella mirando al suelo y sonriendo por lo que él le acaba de decir… Todo ocurre en este río romántico que no distingue entre la realidad y la ficción, entre el pasado, el presente y el futuro sino que discurre en un presente eterno. Este río que llevó sus cenizas hasta el mar porque el mar no es el morir, como cantó Jorge Manrique, sino la eternidad.</p>
</div>



<p></p>
</div>



<p>*<em>José Juanco Linares, hijo de José Ángel Juanco Gómez de la Casa y de Ángela Linares Ortiz. Nacíó en Torrelavega en 1961, estudió Filosofía Pura en Madrid en donde ha vivido hasta hace 4 años que ha vuelto a Villapresente. Trabajó haciendo estudios sociológicos en varias empresas hasta que montó su pequeña empresa dentro de este sector. De ahí pasó a ser Director de Planificación Estratégica durante 16 años de Ogilvy España, una agencia multinacional de publicidad. Desde 2019 sigue haciendo trabajos freelance de Estrategia de Comunicación y Marcas. En paralelo, desde que acabó la carrera ha desarrollado lo que es su vocación personal, la enseñanza. Ha impartido e imparte clases en distintos centros y disciplinas: Historia de la filosofía (COU) Teoría de la Publicidad, Teoría de la Cultura, Imagen Corporativa, Comunicación RSC y Planificación Estratégica en la Univ. Complutense de Madrid donde sigue dando la última asignatura mencionada. También en distintos Másteres sobre materias semejantes en diversos centros y universidades. Desde hace unos 3 años colabora escribiendo artículos de opinión en el Diario Montañés.</em></p>

<p>José Juanco Linares*(y hermanos) La foto debió hacerse entre los años 1955 y 1960, cuando mis padres eran novios. Están en el puente de hierro de la estación de Santa Isabel de Quijas que, a todos los efectos, también es <a class="more-link" href="https://villapresente.online/?page_id=877">Seguir leyendo <span class="screen-reader-text">  UN RÍO ETERNO</span><span class="meta-nav">&rarr;</span></a></p>
