{"id":587,"date":"2023-12-05T12:04:23","date_gmt":"2023-12-05T11:04:23","guid":{"rendered":"https:\/\/villapresente.online\/?page_id=587"},"modified":"2025-03-18T10:23:14","modified_gmt":"2025-03-18T09:23:14","slug":"galerias","status":"publish","type":"page","link":"https:\/\/villapresente.online\/?page_id=587","title":{"rendered":"GALER\u00cdAS"},"content":{"rendered":"\n<p>La idea inicial del proyecto era la recogida, exposici\u00f3n e identificaci\u00f3n de todas las fotograf\u00edas que amablemente nos han ido cediendo los vecinos y amigos de Villapresente.<\/p>\n\n\n\n<figure class=\"wp-block-image size-large\"><img loading=\"lazy\" decoding=\"async\" width=\"1024\" height=\"692\" src=\"https:\/\/villapresente.online\/wp-content\/uploads\/2023\/12\/a9-copia-1024x692.jpg\" alt=\"\" class=\"wp-image-589\" srcset=\"https:\/\/villapresente.online\/wp-content\/uploads\/2023\/12\/a9-copia-1024x692.jpg 1024w, https:\/\/villapresente.online\/wp-content\/uploads\/2023\/12\/a9-copia-300x203.jpg 300w, https:\/\/villapresente.online\/wp-content\/uploads\/2023\/12\/a9-copia-768x519.jpg 768w, https:\/\/villapresente.online\/wp-content\/uploads\/2023\/12\/a9-copia-1536x1039.jpg 1536w, https:\/\/villapresente.online\/wp-content\/uploads\/2023\/12\/a9-copia.jpg 1887w\" sizes=\"auto, (max-width: 1024px) 100vw, 1024px\" \/><figcaption class=\"wp-element-caption\">Fotograf\u00eda del coro de la ermita de \u00abLa Guarda\u00bb cedida por Anita Fern\u00e1ndez<\/figcaption><\/figure>\n\n\n\n<p>La presente p\u00e1gina pretende pretende cumplir el objetivo adjuntando en diferentes enlaces las colecciones guardadas como un tesoro hasta ahora poco visible porque resulta complicada la identificaci\u00f3n de las personas. Paulatinamente ir\u00e9 adjuntando los enlaces de las diferentes galer\u00edas agrupadas por familias que las cedieron. <\/p>\n\n\n\n<figure class=\"wp-block-image size-large\"><img loading=\"lazy\" decoding=\"async\" width=\"1024\" height=\"696\" src=\"https:\/\/villapresente.online\/wp-content\/uploads\/2023\/12\/aAL12a-copia-1024x696.jpg\" alt=\"\" class=\"wp-image-591\" srcset=\"https:\/\/villapresente.online\/wp-content\/uploads\/2023\/12\/aAL12a-copia-1024x696.jpg 1024w, https:\/\/villapresente.online\/wp-content\/uploads\/2023\/12\/aAL12a-copia-300x204.jpg 300w, https:\/\/villapresente.online\/wp-content\/uploads\/2023\/12\/aAL12a-copia-768x522.jpg 768w, https:\/\/villapresente.online\/wp-content\/uploads\/2023\/12\/aAL12a-copia-1536x1044.jpg 1536w, https:\/\/villapresente.online\/wp-content\/uploads\/2023\/12\/aAL12a-copia-2048x1393.jpg 2048w\" sizes=\"auto, (max-width: 1024px) 100vw, 1024px\" \/><figcaption class=\"wp-element-caption\">Fotograf\u00eda cedida por Arturo Lasarte.<\/figcaption><\/figure>\n\n\n\n<p>Las fotograf\u00edas de cada galer\u00eda tienen en la esquina superior izquierda n\u00fameros correlativos y cada personaje un numerito a su lado. Se ruega la colaboraci\u00f3n en la identificaci\u00f3n informando a trav\u00e9s del correo <a href=\"mailto:fcoglezmontes@gmail.com\">fcoglezmontes@gmail.com<\/a><\/p>\n\n\n\n<p><a href=\"http:\/\/villapresente.online\/wp-content\/uploads\/2024\/02\/GALERIA-MATA.pdf\" title=\"\">GALER\u00cdA LUIS RODR\u00cdGUEZ MATA<\/a><\/p>\n\n\n\n<p><a href=\"http:\/\/villapresente.online\/wp-content\/uploads\/2023\/12\/GALERIA-la-maestra-y-el-alcalde-1.pdf\" title=\"\">GALER\u00cdA D\u00aa MATILDE<\/a><\/p>\n\n\n\n<p><a href=\"http:\/\/villapresente.online\/wp-content\/uploads\/2023\/12\/GALERIA-La-Buena-Fe.pdf\" title=\"\">GALER\u00cdA \u00abLA BUENA FE\u00bb<\/a><\/p>\n\n\n\n<p><a href=\"http:\/\/villapresente.online\/wp-content\/uploads\/2024\/01\/GALERIA-PITEROS.pdf\" title=\"\">GALER\u00cdA \u00abLOS PITEROS MEDIAVILLA\u00bb<\/a><\/p>\n\n\n\n<p><a href=\"http:\/\/villapresente.online\/wp-content\/uploads\/2024\/01\/GALERIA-D.-JOSE.pdf\" title=\"\">GALER\u00cdA \u00abD. JOS\u00c9\u00bb<\/a><\/p>\n\n\n\n<p><a href=\"http:\/\/villapresente.online\/wp-content\/uploads\/2024\/02\/GALERIA-LEONCIO.pdf\" title=\"\">GALER\u00cdA \u00abLA TIENDA DE LEONCIO\u00bb<\/a><\/p>\n\n\n\n<p><a href=\"http:\/\/villapresente.online\/wp-content\/uploads\/2024\/03\/GALERIA-LASARTE.pdf\" title=\"\">ARTURO LASARTE Y JOAQUINA BOLADO<\/a><\/p>\n\n\n\n<p><a href=\"http:\/\/villapresente.online\/wp-content\/uploads\/2024\/05\/GALERIA-Pepe-y-Nisia.pdf\" title=\"\">GALER\u00cdA \u00abPEPE Y NISIA\u00bb<\/a><\/p>\n\n\n\n<p><a href=\"http:\/\/villapresente.online\/wp-content\/uploads\/2024\/05\/GALERIA-GONZALEZ-PRIETO-1.pdf\" title=\"\">MANUEL GONZ\u00c1LEZ G\u00d3MEZ \u00abLito\u00bb Y REMEDIOS PRIETO<\/a><\/p>\n\n\n\n<p><a href=\"http:\/\/villapresente.online\/wp-content\/uploads\/2024\/07\/GALERIA-NORIEGA.pdf\" title=\"\">GALER\u00cdA \u00abNORIEGA\u00bb<\/a><\/p>\n\n\n\n<p><a href=\"http:\/\/villapresente.online\/wp-content\/uploads\/2025\/03\/GALERIA-Ma-ANGELES.pdf\" title=\"\">\u00abCOLEGIO LA BUENA FE\u00bb : GALERIA M\u00aa \u00c1NGELES<\/a><\/p>\n","protected":false},"excerpt":{"rendered":"<p>La idea inicial del proyecto era la recogida, exposici\u00f3n e identificaci\u00f3n de todas las fotograf\u00edas que amablemente nos han ido cediendo los vecinos y amigos de Villapresente. La presente p\u00e1gina pretende pretende cumplir el objetivo adjuntando en diferentes enlaces las <a class=\"more-link\" href=\"https:\/\/villapresente.online\/?page_id=587\">Seguir leyendo <span class=\"screen-reader-text\">  GALER\u00cdAS<\/span><span class=\"meta-nav\">&rarr;<\/span><\/a><\/p>\n","protected":false},"author":1,"featured_media":0,"parent":0,"menu_order":1,"comment_status":"closed","ping_status":"closed","template":"","meta":{"om_disable_all_campaigns":false,"_monsterinsights_skip_tracking":false,"_monsterinsights_sitenote_active":false,"_monsterinsights_sitenote_note":"","_monsterinsights_sitenote_category":0,"footnotes":""},"class_list":["post-587","page","type-page","status-publish","hentry"],"aioseo_notices":[],"_links":{"self":[{"href":"https:\/\/villapresente.online\/index.php?rest_route=\/wp\/v2\/pages\/587","targetHints":{"allow":["GET"]}}],"collection":[{"href":"https:\/\/villapresente.online\/index.php?rest_route=\/wp\/v2\/pages"}],"about":[{"href":"https:\/\/villapresente.online\/index.php?rest_route=\/wp\/v2\/types\/page"}],"author":[{"embeddable":true,"href":"https:\/\/villapresente.online\/index.php?rest_route=\/wp\/v2\/users\/1"}],"replies":[{"embeddable":true,"href":"https:\/\/villapresente.online\/index.php?rest_route=%2Fwp%2Fv2%2Fcomments&post=587"}],"version-history":[{"count":32,"href":"https:\/\/villapresente.online\/index.php?rest_route=\/wp\/v2\/pages\/587\/revisions"}],"predecessor-version":[{"id":989,"href":"https:\/\/villapresente.online\/index.php?rest_route=\/wp\/v2\/pages\/587\/revisions\/989"}],"wp:attachment":[{"href":"https:\/\/villapresente.online\/index.php?rest_route=%2Fwp%2Fv2%2Fmedia&parent=587"}],"curies":[{"name":"wp","href":"https:\/\/api.w.org\/{rel}","templated":true}]}}

GALERÍAS

<p>La idea inicial del proyecto era la recogida, exposición e identificación de todas las fotografías que amablemente nos han ido cediendo los vecinos y amigos de Villapresente.</p>



<figure class="wp-block-image size-large"><img loading="lazy" decoding="async" width="1024" height="692" src="https://villapresente.online/wp-content/uploads/2023/12/a9-copia-1024x692.jpg" alt="" class="wp-image-589" srcset="https://villapresente.online/wp-content/uploads/2023/12/a9-copia-1024x692.jpg 1024w, https://villapresente.online/wp-content/uploads/2023/12/a9-copia-300x203.jpg 300w, https://villapresente.online/wp-content/uploads/2023/12/a9-copia-768x519.jpg 768w, https://villapresente.online/wp-content/uploads/2023/12/a9-copia-1536x1039.jpg 1536w, https://villapresente.online/wp-content/uploads/2023/12/a9-copia.jpg 1887w" sizes="auto, (max-width: 1024px) 100vw, 1024px" /><figcaption class="wp-element-caption">Fotografía del coro de la ermita de «La Guarda» cedida por Anita Fernández</figcaption></figure>



<p>La presente página pretende pretende cumplir el objetivo adjuntando en diferentes enlaces las colecciones guardadas como un tesoro hasta ahora poco visible porque resulta complicada la identificación de las personas. Paulatinamente iré adjuntando los enlaces de las diferentes galerías agrupadas por familias que las cedieron. </p>



<figure class="wp-block-image size-large"><img loading="lazy" decoding="async" width="1024" height="696" src="https://villapresente.online/wp-content/uploads/2023/12/aAL12a-copia-1024x696.jpg" alt="" class="wp-image-591" srcset="https://villapresente.online/wp-content/uploads/2023/12/aAL12a-copia-1024x696.jpg 1024w, https://villapresente.online/wp-content/uploads/2023/12/aAL12a-copia-300x204.jpg 300w, https://villapresente.online/wp-content/uploads/2023/12/aAL12a-copia-768x522.jpg 768w, https://villapresente.online/wp-content/uploads/2023/12/aAL12a-copia-1536x1044.jpg 1536w, https://villapresente.online/wp-content/uploads/2023/12/aAL12a-copia-2048x1393.jpg 2048w" sizes="auto, (max-width: 1024px) 100vw, 1024px" /><figcaption class="wp-element-caption">Fotografía cedida por Arturo Lasarte.</figcaption></figure>



<p>Las fotografías de cada galería tienen en la esquina superior izquierda números correlativos y cada personaje un numerito a su lado. Se ruega la colaboración en la identificación informando a través del correo <a href="mailto:fcoglezmontes@gmail.com">fcoglezmontes@gmail.com</a></p>



<p><a href="http://villapresente.online/wp-content/uploads/2024/02/GALERIA-MATA.pdf" title="">GALERÍA LUIS RODRÍGUEZ MATA</a></p>



<p><a href="http://villapresente.online/wp-content/uploads/2023/12/GALERIA-la-maestra-y-el-alcalde-1.pdf" title="">GALERÍA Dª MATILDE</a></p>



<p><a href="http://villapresente.online/wp-content/uploads/2023/12/GALERIA-La-Buena-Fe.pdf" title="">GALERÍA «LA BUENA FE»</a></p>



<p><a href="http://villapresente.online/wp-content/uploads/2024/01/GALERIA-PITEROS.pdf" title="">GALERÍA «LOS PITEROS MEDIAVILLA»</a></p>



<p><a href="http://villapresente.online/wp-content/uploads/2024/01/GALERIA-D.-JOSE.pdf" title="">GALERÍA «D. JOSÉ»</a></p>



<p><a href="http://villapresente.online/wp-content/uploads/2024/02/GALERIA-LEONCIO.pdf" title="">GALERÍA «LA TIENDA DE LEONCIO»</a></p>



<p><a href="http://villapresente.online/wp-content/uploads/2024/03/GALERIA-LASARTE.pdf" title="">ARTURO LASARTE Y JOAQUINA BOLADO</a></p>



<p><a href="http://villapresente.online/wp-content/uploads/2024/05/GALERIA-Pepe-y-Nisia.pdf" title="">GALERÍA «PEPE Y NISIA»</a></p>



<p><a href="http://villapresente.online/wp-content/uploads/2024/05/GALERIA-GONZALEZ-PRIETO-1.pdf" title="">MANUEL GONZÁLEZ GÓMEZ «Lito» Y REMEDIOS PRIETO</a></p>



<p><a href="http://villapresente.online/wp-content/uploads/2024/07/GALERIA-NORIEGA.pdf" title="">GALERÍA «NORIEGA»</a></p>



<p><a href="http://villapresente.online/wp-content/uploads/2025/03/GALERIA-Ma-ANGELES.pdf" title="">«COLEGIO LA BUENA FE» : GALERIA Mª ÁNGELES</a></p>

<p>La idea inicial del proyecto era la recogida, exposición e identificación de todas las fotografías que amablemente nos han ido cediendo los vecinos y amigos de Villapresente. La presente página pretende pretende cumplir el objetivo adjuntando en diferentes enlaces las <a class="more-link" href="https://villapresente.online/?page_id=587">Seguir leyendo <span class="screen-reader-text">  GALERÍAS</span><span class="meta-nav">&rarr;</span></a></p>
