{"id":574,"date":"2023-12-02T17:27:06","date_gmt":"2023-12-02T16:27:06","guid":{"rendered":"https:\/\/villapresente.online\/?p=574"},"modified":"2025-05-20T11:21:50","modified_gmt":"2025-05-20T09:21:50","slug":"la-maestra-y-el-alcalde","status":"publish","type":"page","link":"https:\/\/villapresente.online\/?page_id=574","title":{"rendered":"LA MAESTRA Y EL ALCALDE"},"content":{"rendered":"\n<p>Esta es una historia de amor y de guerra; del amor entre una maestra de pueblo llamada D\u00f1a. Matilde Gonz\u00e1lez de la Serna y un pol\u00edtico, D. Andr\u00e9s Mira Hernando, que lleg\u00f3 a ser alcalde del Ayuntamiento de Reoc\u00edn.<\/p>\n\n\n\n<p>Su vida se desarrolla en la \u00e9poca m\u00e1s convulsa del siglo XX, donde los continuos cambios de r\u00e9gimen pol\u00edtico desembocan en \u201cla guerra civil espa\u00f1ola\u201d. Las izquierdas y las derechas se alternan en los gobiernos nacional, regional, municipal y local con sucesivos cambios y violentos enfrentamientos.<\/p>\n\n\n\n<p>Algunos autores citan con nombres y apellidos m\u00e1s de cien muertos en el ayuntamiento de Reoc\u00edn durante las represiones republicana, franquista y ca\u00eddos en el frente por los dos bandos; yo personalmente he obviado intencionadamente la mayor\u00eda de recuerdos y posicionamientos criminales en uno u otro bando, centr\u00e1ndome exclusivamente a los que se refieren al entorno de \u201cnuestra maestra y nuestro alcalde\u201d, porque no quisiera reavivar odios y enfrentamientos provocados por una terrible guerra civil de la que ya han pasado casi cien a\u00f1os.<\/p>\n\n\n\n<p>El relato est\u00e1 basado fundamentalmente en documentos hist\u00f3ricos como son las actas de los Plenos del Ayuntamiento de Reoc\u00edn, de la Junta Vecinal de Villapresente, del Patronato Local de Educaci\u00f3n dependiente de la Junta Provincial de Beneficencia, de las fundaciones docentes instituidas por D. Antonio Valverde y Cossio, D. Francisco Ruiz de Peredo y D. Francisco S\u00e1nchez Sierra.<\/p>\n\n\n\n<figure class=\"wp-block-image size-large\"><img loading=\"lazy\" decoding=\"async\" width=\"1024\" height=\"729\" src=\"https:\/\/villapresente.online\/wp-content\/uploads\/2023\/12\/132a-1024x729.jpg\" alt=\"\" class=\"wp-image-575\" srcset=\"https:\/\/villapresente.online\/wp-content\/uploads\/2023\/12\/132a-1024x729.jpg 1024w, https:\/\/villapresente.online\/wp-content\/uploads\/2023\/12\/132a-300x214.jpg 300w, https:\/\/villapresente.online\/wp-content\/uploads\/2023\/12\/132a-768x547.jpg 768w, https:\/\/villapresente.online\/wp-content\/uploads\/2023\/12\/132a-1536x1093.jpg 1536w, https:\/\/villapresente.online\/wp-content\/uploads\/2023\/12\/132a.jpg 1697w\" sizes=\"auto, (max-width: 1024px) 100vw, 1024px\" \/><figcaption class=\"wp-element-caption\"><em>Familia de D\u00aa Matilde y Andr\u00e9s Mira<\/em><\/figcaption><\/figure>\n\n\n\n<p>Mi agradecimiento a la familia de D\u00f1a. Matilde y D. Andr\u00e9s, que puso a nuestra disposici\u00f3n todo el material que guardaban sobre su trayectoria profesional y personal, fundamentalmente a su hija Emilia y a sus nietos Conchita y Jos\u00e9 Ram\u00f3n.<\/p>\n\n\n\n<p>Del mismo modo, agradezco a Jos\u00e9 Ram\u00f3n Gallut Gonzalez la cesi\u00f3n de documentos, fotograf\u00edas y su propio testimonio sobre la vida de su abuelo D. Ram\u00f3n Gallut Calvo, teniente alcalde del ayuntamiento de Reoc\u00edn durante este periodo.<\/p>\n\n\n\n<figure class=\"wp-block-image size-large\"><img loading=\"lazy\" decoding=\"async\" width=\"1024\" height=\"664\" src=\"https:\/\/villapresente.online\/wp-content\/uploads\/2023\/12\/87-001-1024x664.jpg\" alt=\"\" class=\"wp-image-576\" srcset=\"https:\/\/villapresente.online\/wp-content\/uploads\/2023\/12\/87-001-1024x664.jpg 1024w, https:\/\/villapresente.online\/wp-content\/uploads\/2023\/12\/87-001-300x195.jpg 300w, https:\/\/villapresente.online\/wp-content\/uploads\/2023\/12\/87-001-768x498.jpg 768w, https:\/\/villapresente.online\/wp-content\/uploads\/2023\/12\/87-001.jpg 1275w\" sizes=\"auto, (max-width: 1024px) 100vw, 1024px\" \/><figcaption class=\"wp-element-caption\"><em>En el centro, Ram\u00f3n Gallut Calvo, teniente alcalde de este periodo.<\/em><\/figcaption><\/figure>\n\n\n\n<p>El mismo agradecimiento para la familia de D. Joaqu\u00edn Mediavilla Barahona que junto a su hermano Antonio formaron \u201clos piteros de villapresente\u201d a quienes rendimos un merecido homenaje el d\u00eda 8 de octubre de 1916 y les dedicamos una calle; pero en esta historia, Joaqu\u00edn es protagonista fundamental porque era el presidente de la junta vecinal desde el 12 de septiembre de 1931 al 29 de septiembre de 1937 en que fue asesinado.<\/p>\n\n\n<div class=\"wp-block-image\">\n<figure class=\"aligncenter size-full\"><img loading=\"lazy\" decoding=\"async\" width=\"319\" height=\"540\" src=\"https:\/\/villapresente.online\/wp-content\/uploads\/2023\/12\/piteros-de-Villapresente-Foto-Samot-1928.jpg\" alt=\"\" class=\"wp-image-577\" srcset=\"https:\/\/villapresente.online\/wp-content\/uploads\/2023\/12\/piteros-de-Villapresente-Foto-Samot-1928.jpg 319w, https:\/\/villapresente.online\/wp-content\/uploads\/2023\/12\/piteros-de-Villapresente-Foto-Samot-1928-177x300.jpg 177w\" sizes=\"auto, (max-width: 319px) 100vw, 319px\" \/><figcaption class=\"wp-element-caption\"><em>Los piteros de Villapresente<\/em><\/figcaption><\/figure><\/div>\n\n\n<p>Al tratarse de un relato novelado basado, adem\u00e1s, en testimonios de transmisi\u00f3n oral y reflexiones personales del autor correr\u00e9 el riesgo de alg\u00fan error hist\u00f3rico a cambio de una narraci\u00f3n m\u00e1s fluida y atractiva para el lector.<\/p>\n\n\n\n<p>Introduzco en el relato alguno de los poemas escritos por D\u00f1a. Matilde a lo largo de su vida porque plasman la manera de ser y de pensar de una mujer profundamente cristiana, amante de su profesi\u00f3n, su entorno y sus hijos; y del amor y la zozobra de su matrimonio con Andr\u00e9s Mira.<\/p>\n\n\n\n<p>Creo que son dos personas excepcionales cuyas vidas y hechos no pueden caer en el olvido. Do\u00f1a Matilde ha recibido tres homenajes de su pueblo como maestra: El 16 de enero de 1936 poco antes del inicio de la Guerra Civil, el 11 de julio de 1965 al trasladarse a Santander y el 6 de noviembre de 2009 organizado por el Ayuntamiento de Reoc\u00edn y \u201cVillapresente en la memoria\u201d dedic\u00e1ndole el aula donde dio clase; anteriormente la Junta vecinal ya le hab\u00eda puesto su nombre a un peque\u00f1o parque junto al r\u00edo Saja.<\/p>\n\n\n\n<p><a href=\"http:\/\/villapresente.online\/wp-content\/uploads\/2023\/12\/LA-MAESTRA-Y-EL-ALCALDE.pdf\" title=\"\">VER PDF DEL RELATO<\/a><\/p>\n\n\n\n<p><a href=\"http:\/\/villapresente.online\/wp-content\/uploads\/2023\/12\/GALERIA-la-maestra-y-el-alcalde-1.pdf\" title=\"\">GALER\u00cdA DE FOTOGRAFIAS<\/a> \u00abD\u00aa Matilde\u00bb<\/p>\n","protected":false},"excerpt":{"rendered":"<p>Esta es una historia de amor y de guerra; del amor entre una maestra de pueblo llamada D\u00f1a. Matilde Gonz\u00e1lez de la Serna y un pol\u00edtico, D. Andr\u00e9s Mira Hernando, que lleg\u00f3 a ser alcalde del Ayuntamiento de Reoc\u00edn. Su <a class=\"more-link\" href=\"https:\/\/villapresente.online\/?page_id=574\">Seguir leyendo <span class=\"screen-reader-text\">  LA MAESTRA Y EL ALCALDE<\/span><span class=\"meta-nav\">&rarr;<\/span><\/a><\/p>\n","protected":false},"author":1,"featured_media":0,"parent":0,"menu_order":4,"comment_status":"closed","ping_status":"closed","template":"","meta":{"om_disable_all_campaigns":false,"_monsterinsights_skip_tracking":false,"_monsterinsights_sitenote_active":false,"_monsterinsights_sitenote_note":"","_monsterinsights_sitenote_category":0,"footnotes":""},"class_list":["post-574","page","type-page","status-publish","hentry"],"aioseo_notices":[],"_links":{"self":[{"href":"https:\/\/villapresente.online\/index.php?rest_route=\/wp\/v2\/pages\/574","targetHints":{"allow":["GET"]}}],"collection":[{"href":"https:\/\/villapresente.online\/index.php?rest_route=\/wp\/v2\/pages"}],"about":[{"href":"https:\/\/villapresente.online\/index.php?rest_route=\/wp\/v2\/types\/page"}],"author":[{"embeddable":true,"href":"https:\/\/villapresente.online\/index.php?rest_route=\/wp\/v2\/users\/1"}],"replies":[{"embeddable":true,"href":"https:\/\/villapresente.online\/index.php?rest_route=%2Fwp%2Fv2%2Fcomments&post=574"}],"version-history":[{"count":11,"href":"https:\/\/villapresente.online\/index.php?rest_route=\/wp\/v2\/pages\/574\/revisions"}],"predecessor-version":[{"id":1033,"href":"https:\/\/villapresente.online\/index.php?rest_route=\/wp\/v2\/pages\/574\/revisions\/1033"}],"wp:attachment":[{"href":"https:\/\/villapresente.online\/index.php?rest_route=%2Fwp%2Fv2%2Fmedia&parent=574"}],"curies":[{"name":"wp","href":"https:\/\/api.w.org\/{rel}","templated":true}]}}

<p>Esta es una historia de amor y de guerra; del amor entre una maestra de pueblo llamada Dña. Matilde González de la Serna y un político, D. Andrés Mira Hernando, que llegó a ser alcalde del Ayuntamiento de Reocín.</p>



<p>Su vida se desarrolla en la época más convulsa del siglo XX, donde los continuos cambios de régimen político desembocan en “la guerra civil española”. Las izquierdas y las derechas se alternan en los gobiernos nacional, regional, municipal y local con sucesivos cambios y violentos enfrentamientos.</p>



<p>Algunos autores citan con nombres y apellidos más de cien muertos en el ayuntamiento de Reocín durante las represiones republicana, franquista y caídos en el frente por los dos bandos; yo personalmente he obviado intencionadamente la mayoría de recuerdos y posicionamientos criminales en uno u otro bando, centrándome exclusivamente a los que se refieren al entorno de “nuestra maestra y nuestro alcalde”, porque no quisiera reavivar odios y enfrentamientos provocados por una terrible guerra civil de la que ya han pasado casi cien años.</p>



<p>El relato está basado fundamentalmente en documentos históricos como son las actas de los Plenos del Ayuntamiento de Reocín, de la Junta Vecinal de Villapresente, del Patronato Local de Educación dependiente de la Junta Provincial de Beneficencia, de las fundaciones docentes instituidas por D. Antonio Valverde y Cossio, D. Francisco Ruiz de Peredo y D. Francisco Sánchez Sierra.</p>



<figure class="wp-block-image size-large"><img loading="lazy" decoding="async" width="1024" height="729" src="https://villapresente.online/wp-content/uploads/2023/12/132a-1024x729.jpg" alt="" class="wp-image-575" srcset="https://villapresente.online/wp-content/uploads/2023/12/132a-1024x729.jpg 1024w, https://villapresente.online/wp-content/uploads/2023/12/132a-300x214.jpg 300w, https://villapresente.online/wp-content/uploads/2023/12/132a-768x547.jpg 768w, https://villapresente.online/wp-content/uploads/2023/12/132a-1536x1093.jpg 1536w, https://villapresente.online/wp-content/uploads/2023/12/132a.jpg 1697w" sizes="auto, (max-width: 1024px) 100vw, 1024px" /><figcaption class="wp-element-caption"><em>Familia de Dª Matilde y Andrés Mira</em></figcaption></figure>



<p>Mi agradecimiento a la familia de Dña. Matilde y D. Andrés, que puso a nuestra disposición todo el material que guardaban sobre su trayectoria profesional y personal, fundamentalmente a su hija Emilia y a sus nietos Conchita y José Ramón.</p>



<p>Del mismo modo, agradezco a José Ramón Gallut Gonzalez la cesión de documentos, fotografías y su propio testimonio sobre la vida de su abuelo D. Ramón Gallut Calvo, teniente alcalde del ayuntamiento de Reocín durante este periodo.</p>



<figure class="wp-block-image size-large"><img loading="lazy" decoding="async" width="1024" height="664" src="https://villapresente.online/wp-content/uploads/2023/12/87-001-1024x664.jpg" alt="" class="wp-image-576" srcset="https://villapresente.online/wp-content/uploads/2023/12/87-001-1024x664.jpg 1024w, https://villapresente.online/wp-content/uploads/2023/12/87-001-300x195.jpg 300w, https://villapresente.online/wp-content/uploads/2023/12/87-001-768x498.jpg 768w, https://villapresente.online/wp-content/uploads/2023/12/87-001.jpg 1275w" sizes="auto, (max-width: 1024px) 100vw, 1024px" /><figcaption class="wp-element-caption"><em>En el centro, Ramón Gallut Calvo, teniente alcalde de este periodo.</em></figcaption></figure>



<p>El mismo agradecimiento para la familia de D. Joaquín Mediavilla Barahona que junto a su hermano Antonio formaron “los piteros de villapresente” a quienes rendimos un merecido homenaje el día 8 de octubre de 1916 y les dedicamos una calle; pero en esta historia, Joaquín es protagonista fundamental porque era el presidente de la junta vecinal desde el 12 de septiembre de 1931 al 29 de septiembre de 1937 en que fue asesinado.</p>


<div class="wp-block-image">
<figure class="aligncenter size-full"><img loading="lazy" decoding="async" width="319" height="540" src="https://villapresente.online/wp-content/uploads/2023/12/piteros-de-Villapresente-Foto-Samot-1928.jpg" alt="" class="wp-image-577" srcset="https://villapresente.online/wp-content/uploads/2023/12/piteros-de-Villapresente-Foto-Samot-1928.jpg 319w, https://villapresente.online/wp-content/uploads/2023/12/piteros-de-Villapresente-Foto-Samot-1928-177x300.jpg 177w" sizes="auto, (max-width: 319px) 100vw, 319px" /><figcaption class="wp-element-caption"><em>Los piteros de Villapresente</em></figcaption></figure></div>


<p>Al tratarse de un relato novelado basado, además, en testimonios de transmisión oral y reflexiones personales del autor correré el riesgo de algún error histórico a cambio de una narración más fluida y atractiva para el lector.</p>



<p>Introduzco en el relato alguno de los poemas escritos por Dña. Matilde a lo largo de su vida porque plasman la manera de ser y de pensar de una mujer profundamente cristiana, amante de su profesión, su entorno y sus hijos; y del amor y la zozobra de su matrimonio con Andrés Mira.</p>



<p>Creo que son dos personas excepcionales cuyas vidas y hechos no pueden caer en el olvido. Doña Matilde ha recibido tres homenajes de su pueblo como maestra: El 16 de enero de 1936 poco antes del inicio de la Guerra Civil, el 11 de julio de 1965 al trasladarse a Santander y el 6 de noviembre de 2009 organizado por el Ayuntamiento de Reocín y “Villapresente en la memoria” dedicándole el aula donde dio clase; anteriormente la Junta vecinal ya le había puesto su nombre a un pequeño parque junto al río Saja.</p>



<p><a href="http://villapresente.online/wp-content/uploads/2023/12/LA-MAESTRA-Y-EL-ALCALDE.pdf" title="">VER PDF DEL RELATO</a></p>



<p><a href="http://villapresente.online/wp-content/uploads/2023/12/GALERIA-la-maestra-y-el-alcalde-1.pdf" title="">GALERÍA DE FOTOGRAFIAS</a> «Dª Matilde»</p>

<p>Esta es una historia de amor y de guerra; del amor entre una maestra de pueblo llamada Dña. Matilde González de la Serna y un político, D. Andrés Mira Hernando, que llegó a ser alcalde del Ayuntamiento de Reocín. Su <a class="more-link" href="https://villapresente.online/?page_id=574">Seguir leyendo <span class="screen-reader-text">  LA MAESTRA Y EL ALCALDE</span><span class="meta-nav">&rarr;</span></a></p>
