{"id":384,"date":"2023-11-20T19:26:13","date_gmt":"2023-11-20T18:26:13","guid":{"rendered":"https:\/\/villapresente.online\/?page_id=384"},"modified":"2024-02-23T10:56:04","modified_gmt":"2024-02-23T09:56:04","slug":"homenaje-a-mata","status":"publish","type":"page","link":"https:\/\/villapresente.online\/?page_id=384","title":{"rendered":"HOMENAJE A MATA"},"content":{"rendered":"\n<p>El d\u00eda 20 de noviembre de 2010 en \u00abLas escuelas P\u00edas de Villapresente\u00bb se realiz\u00f3 un merecido homenaje a D. Luis Rodr\u00edguez Mata, que durante 20 a\u00f1os fue alcalde ped\u00e1neo de Villapresente. El acto fue promovido por la asociaci\u00f3n vecinal-cultural \u00abEl Centro\u00bb con la colaboraci\u00f3n del excelent\u00edsimo ayuntamiento de Reoc\u00edn y la presentaci\u00f3n de \u00abVillapresente en la memoria\u00bb.<\/p>\n\n\n\n<figure class=\"wp-block-image size-full\"><img loading=\"lazy\" decoding=\"async\" width=\"790\" height=\"538\" src=\"https:\/\/villapresente.online\/wp-content\/uploads\/2023\/11\/Mata-en-Camarao-2.jpg\" alt=\"\" class=\"wp-image-386\" srcset=\"https:\/\/villapresente.online\/wp-content\/uploads\/2023\/11\/Mata-en-Camarao-2.jpg 790w, https:\/\/villapresente.online\/wp-content\/uploads\/2023\/11\/Mata-en-Camarao-2-300x204.jpg 300w, https:\/\/villapresente.online\/wp-content\/uploads\/2023\/11\/Mata-en-Camarao-2-768x523.jpg 768w\" sizes=\"auto, (max-width: 790px) 100vw, 790px\" \/><\/figure>\n\n\n\n<p><a href=\"http:\/\/villapresente.online\/wp-content\/uploads\/2023\/11\/POWERT-POINT-MATA.ppt\" title=\"\">POWERT POINT DEL HOMENAJE<\/a><\/p>\n\n\n\n<p><a href=\"http:\/\/villapresente.online\/wp-content\/uploads\/2024\/02\/GALERIA-MATA.pdf\" title=\"\">GALER\u00cdA FOTOGR\u00c1FICA<\/a><\/p>\n","protected":false},"excerpt":{"rendered":"<p>El d\u00eda 20 de noviembre de 2010 en \u00abLas escuelas P\u00edas de Villapresente\u00bb se realiz\u00f3 un merecido homenaje a D. Luis Rodr\u00edguez Mata, que durante 20 a\u00f1os fue alcalde ped\u00e1neo de Villapresente. El acto fue promovido por la asociaci\u00f3n vecinal-cultural <a class=\"more-link\" href=\"https:\/\/villapresente.online\/?page_id=384\">Seguir leyendo <span class=\"screen-reader-text\">  HOMENAJE A MATA<\/span><span class=\"meta-nav\">&rarr;<\/span><\/a><\/p>\n","protected":false},"author":1,"featured_media":0,"parent":0,"menu_order":16,"comment_status":"closed","ping_status":"closed","template":"","meta":{"om_disable_all_campaigns":false,"_monsterinsights_skip_tracking":false,"_monsterinsights_sitenote_active":false,"_monsterinsights_sitenote_note":"","_monsterinsights_sitenote_category":0,"footnotes":""},"class_list":["post-384","page","type-page","status-publish","hentry"],"aioseo_notices":[],"_links":{"self":[{"href":"https:\/\/villapresente.online\/index.php?rest_route=\/wp\/v2\/pages\/384","targetHints":{"allow":["GET"]}}],"collection":[{"href":"https:\/\/villapresente.online\/index.php?rest_route=\/wp\/v2\/pages"}],"about":[{"href":"https:\/\/villapresente.online\/index.php?rest_route=\/wp\/v2\/types\/page"}],"author":[{"embeddable":true,"href":"https:\/\/villapresente.online\/index.php?rest_route=\/wp\/v2\/users\/1"}],"replies":[{"embeddable":true,"href":"https:\/\/villapresente.online\/index.php?rest_route=%2Fwp%2Fv2%2Fcomments&post=384"}],"version-history":[{"count":9,"href":"https:\/\/villapresente.online\/index.php?rest_route=\/wp\/v2\/pages\/384\/revisions"}],"predecessor-version":[{"id":728,"href":"https:\/\/villapresente.online\/index.php?rest_route=\/wp\/v2\/pages\/384\/revisions\/728"}],"wp:attachment":[{"href":"https:\/\/villapresente.online\/index.php?rest_route=%2Fwp%2Fv2%2Fmedia&parent=384"}],"curies":[{"name":"wp","href":"https:\/\/api.w.org\/{rel}","templated":true}]}}

<p>El día 20 de noviembre de 2010 en «Las escuelas Pías de Villapresente» se realizó un merecido homenaje a D. Luis Rodríguez Mata, que durante 20 años fue alcalde pedáneo de Villapresente. El acto fue promovido por la asociación vecinal-cultural «El Centro» con la colaboración del excelentísimo ayuntamiento de Reocín y la presentación de «Villapresente en la memoria».</p>



<figure class="wp-block-image size-full"><img loading="lazy" decoding="async" width="790" height="538" src="https://villapresente.online/wp-content/uploads/2023/11/Mata-en-Camarao-2.jpg" alt="" class="wp-image-386" srcset="https://villapresente.online/wp-content/uploads/2023/11/Mata-en-Camarao-2.jpg 790w, https://villapresente.online/wp-content/uploads/2023/11/Mata-en-Camarao-2-300x204.jpg 300w, https://villapresente.online/wp-content/uploads/2023/11/Mata-en-Camarao-2-768x523.jpg 768w" sizes="auto, (max-width: 790px) 100vw, 790px" /></figure>



<p><a href="http://villapresente.online/wp-content/uploads/2023/11/POWERT-POINT-MATA.ppt" title="">POWERT POINT DEL HOMENAJE</a></p>



<p><a href="http://villapresente.online/wp-content/uploads/2024/02/GALERIA-MATA.pdf" title="">GALERÍA FOTOGRÁFICA</a></p>

<p>El día 20 de noviembre de 2010 en «Las escuelas Pías de Villapresente» se realizó un merecido homenaje a D. Luis Rodríguez Mata, que durante 20 años fue alcalde pedáneo de Villapresente. El acto fue promovido por la asociación vecinal-cultural <a class="more-link" href="https://villapresente.online/?page_id=384">Seguir leyendo <span class="screen-reader-text">  HOMENAJE A MATA</span><span class="meta-nav">&rarr;</span></a></p>
