{"id":364,"date":"2023-11-20T13:23:24","date_gmt":"2023-11-20T12:23:24","guid":{"rendered":"https:\/\/villapresente.online\/?page_id=364"},"modified":"2024-01-18T10:06:05","modified_gmt":"2024-01-18T09:06:05","slug":"homenaje-a-d-jose","status":"publish","type":"page","link":"https:\/\/villapresente.online\/?page_id=364","title":{"rendered":"HOMENAJE A D. JOS\u00c9"},"content":{"rendered":"\n<p>El d\u00eda 12 de diciembre de 2014 en \u00abLas escuelas P\u00edas de Villapresente\u00bb , lo que en su tiempo fue la primera escuela para ni\u00f1os pobres del valle de Reoc\u00edn, se celebr\u00f3 un merecido homenaje a D. Jos\u00e9 Saiz L\u00f3pez que fue maestro de la escuela de ni\u00f1os desde el 17 de septiembre de 1956 en que toma posesi\u00f3n de la misma, hasta el 31 de agosto de 1969 que cesa para trasladarse a Bezana.<\/p>\n\n\n\n<p>El acto que fue organizado por \u00abVillapresente en la memoria\u00bb cont\u00f3 con la colaboraci\u00f3n del excelent\u00edsimo Ayuntamiento de Reoc\u00edn, la Consejer\u00eda de Educaci\u00f3n del Gobierno de Cantabria, El Centro de Interpretaci\u00f3n y Estudios de la Escuela de Polanco, el C.P. Nueve Valles, la Junta Vecinal y las asociaciones culturales de Villapresente.<\/p>\n\n\n\n<p><img decoding=\"async\" src=\"https:\/\/villapresente.online\/wp-content\/uploads\/2023\/11\/Trajeta-invitacion-121214-1024x477.jpg\" alt=\"La imagen tiene un atributo ALT vac\u00edo; su nombre de archivo es Trajeta-invitacion-121214-1024x477.jpg\"><\/p>\n\n\n\n<p><a href=\"http:\/\/villapresente.online\/wp-content\/uploads\/2023\/11\/POWERT-POINT-HOMENAJE.ppt\" title=\"\">POWERT POINT HOMENAJE<\/a><\/p>\n\n\n\n<p><a href=\"http:\/\/villapresente.online\/wp-content\/uploads\/2023\/11\/new-trailer-family-121214.mp4\" title=\"\">V\u00cdDEO FAMILIAR<\/a><\/p>\n\n\n\n<p><a href=\"http:\/\/villapresente.online\/wp-content\/uploads\/2023\/11\/nuevo-trailer-exalumnos-121214.mp4\" title=\"\">V\u00cdDEO EXALUMNOS<\/a><\/p>\n\n\n\n<p><a href=\"http:\/\/villapresente.online\/wp-content\/uploads\/2023\/11\/BAJO-LAS-CRESTAS-revisar-9703-1.doc\" title=\"\">\u00abBAJO LAS CRESTAS\u00bb Relato de un maestro.<\/a><\/p>\n\n\n\n<p><a href=\"http:\/\/villapresente.online\/wp-content\/uploads\/2024\/01\/GALERIA-D.-JOSE.pdf\" title=\"\">GALER\u00cdA \u00abD. JOS\u00c9\u00bb<\/a><\/p>\n\n\n\n<p><a href=\"http:\/\/villapresente.online\/wp-content\/uploads\/2023\/11\/LIBRO-EDITADO-POR-EL-AYUNTAMIENTO.pdf\" title=\"\">LIBRO EDITADO POR EL AYUNTAMIENTO<\/a><\/p>\n","protected":false},"excerpt":{"rendered":"<p>El d\u00eda 12 de diciembre de 2014 en \u00abLas escuelas P\u00edas de Villapresente\u00bb , lo que en su tiempo fue la primera escuela para ni\u00f1os pobres del valle de Reoc\u00edn, se celebr\u00f3 un merecido homenaje a D. Jos\u00e9 Saiz L\u00f3pez <a class=\"more-link\" href=\"https:\/\/villapresente.online\/?page_id=364\">Seguir leyendo <span class=\"screen-reader-text\">  HOMENAJE A D. JOS\u00c9<\/span><span class=\"meta-nav\">&rarr;<\/span><\/a><\/p>\n","protected":false},"author":1,"featured_media":0,"parent":0,"menu_order":15,"comment_status":"closed","ping_status":"closed","template":"","meta":{"om_disable_all_campaigns":false,"_monsterinsights_skip_tracking":false,"_monsterinsights_sitenote_active":false,"_monsterinsights_sitenote_note":"","_monsterinsights_sitenote_category":0,"footnotes":""},"class_list":["post-364","page","type-page","status-publish","hentry"],"aioseo_notices":[],"_links":{"self":[{"href":"https:\/\/villapresente.online\/index.php?rest_route=\/wp\/v2\/pages\/364","targetHints":{"allow":["GET"]}}],"collection":[{"href":"https:\/\/villapresente.online\/index.php?rest_route=\/wp\/v2\/pages"}],"about":[{"href":"https:\/\/villapresente.online\/index.php?rest_route=\/wp\/v2\/types\/page"}],"author":[{"embeddable":true,"href":"https:\/\/villapresente.online\/index.php?rest_route=\/wp\/v2\/users\/1"}],"replies":[{"embeddable":true,"href":"https:\/\/villapresente.online\/index.php?rest_route=%2Fwp%2Fv2%2Fcomments&post=364"}],"version-history":[{"count":23,"href":"https:\/\/villapresente.online\/index.php?rest_route=\/wp\/v2\/pages\/364\/revisions"}],"predecessor-version":[{"id":683,"href":"https:\/\/villapresente.online\/index.php?rest_route=\/wp\/v2\/pages\/364\/revisions\/683"}],"wp:attachment":[{"href":"https:\/\/villapresente.online\/index.php?rest_route=%2Fwp%2Fv2%2Fmedia&parent=364"}],"curies":[{"name":"wp","href":"https:\/\/api.w.org\/{rel}","templated":true}]}}