{"id":349,"date":"2023-11-20T12:25:53","date_gmt":"2023-11-20T11:25:53","guid":{"rendered":"https:\/\/villapresente.online\/?page_id=349"},"modified":"2023-11-29T17:11:52","modified_gmt":"2023-11-29T16:11:52","slug":"homenaje-a-da-matilde","status":"publish","type":"page","link":"https:\/\/villapresente.online\/?page_id=349","title":{"rendered":"HOMENAJE A D\u00aa MATILDE"},"content":{"rendered":"\n<p>El 6 de Noviembre de 2009 , a propuesta del proyecto \u201cVillapresente en la memoria\u201d, con el apoyo del Ayuntamiento de Reoc\u00edn y la Asociaci\u00f3n de Vecinos, se realiz\u00f3 un homenaje a Do\u00f1a Matilde Gonz\u00e1lez Serna; contando con la presencia de la Consejera de Educaci\u00f3n, Rosa Eva Diaz Tezanos; del Alcalde de Reoc\u00edn, Germ\u00e1n Fern\u00e1ndez Gonz\u00e1lez y otras autoridades municipales.<\/p>\n\n\n\n<figure class=\"wp-block-image size-large\"><img loading=\"lazy\" decoding=\"async\" width=\"1024\" height=\"768\" src=\"https:\/\/villapresente.online\/wp-content\/uploads\/2023\/11\/DSC02827-1024x768.jpg\" alt=\"\" class=\"wp-image-350\" srcset=\"https:\/\/villapresente.online\/wp-content\/uploads\/2023\/11\/DSC02827-1024x768.jpg 1024w, https:\/\/villapresente.online\/wp-content\/uploads\/2023\/11\/DSC02827-300x225.jpg 300w, https:\/\/villapresente.online\/wp-content\/uploads\/2023\/11\/DSC02827-768x576.jpg 768w, https:\/\/villapresente.online\/wp-content\/uploads\/2023\/11\/DSC02827-1536x1152.jpg 1536w, https:\/\/villapresente.online\/wp-content\/uploads\/2023\/11\/DSC02827.jpg 2048w\" sizes=\"auto, (max-width: 1024px) 100vw, 1024px\" \/><\/figure>\n\n\n\n<p>El numeroso p\u00fablico asistente se emocion\u00f3 con los recuerdos y vivencias de su maestra.<\/p>\n\n\n\n<figure class=\"wp-block-image size-large\"><img loading=\"lazy\" decoding=\"async\" width=\"1024\" height=\"768\" src=\"https:\/\/villapresente.online\/wp-content\/uploads\/2023\/11\/DSC02785-1024x768.jpg\" alt=\"\" class=\"wp-image-351\" srcset=\"https:\/\/villapresente.online\/wp-content\/uploads\/2023\/11\/DSC02785-1024x768.jpg 1024w, https:\/\/villapresente.online\/wp-content\/uploads\/2023\/11\/DSC02785-300x225.jpg 300w, https:\/\/villapresente.online\/wp-content\/uploads\/2023\/11\/DSC02785-768x576.jpg 768w, https:\/\/villapresente.online\/wp-content\/uploads\/2023\/11\/DSC02785-1536x1152.jpg 1536w, https:\/\/villapresente.online\/wp-content\/uploads\/2023\/11\/DSC02785.jpg 2048w\" sizes=\"auto, (max-width: 1024px) 100vw, 1024px\" \/><\/figure>\n\n\n\n<p>Los ni\u00f1os del \u201cColegio Publico Jos\u00e9 Saiz L\u00f3pez\u201d realizaron una evocaci\u00f3n del teatro \u201cLa Carreta\u201d y Delia Laguillo recit\u00f3 algunos poemas de nuestra maestra.<\/p>\n\n\n\n<figure class=\"wp-block-image size-large\"><img loading=\"lazy\" decoding=\"async\" width=\"1024\" height=\"768\" src=\"https:\/\/villapresente.online\/wp-content\/uploads\/2023\/11\/DSC02809-1024x768.jpg\" alt=\"\" class=\"wp-image-353\" srcset=\"https:\/\/villapresente.online\/wp-content\/uploads\/2023\/11\/DSC02809-1024x768.jpg 1024w, https:\/\/villapresente.online\/wp-content\/uploads\/2023\/11\/DSC02809-300x225.jpg 300w, https:\/\/villapresente.online\/wp-content\/uploads\/2023\/11\/DSC02809-768x576.jpg 768w, https:\/\/villapresente.online\/wp-content\/uploads\/2023\/11\/DSC02809-1536x1152.jpg 1536w, https:\/\/villapresente.online\/wp-content\/uploads\/2023\/11\/DSC02809.jpg 2048w\" sizes=\"auto, (max-width: 1024px) 100vw, 1024px\" \/><\/figure>\n\n\n\n<p><a href=\"http:\/\/villapresente.online\/wp-content\/uploads\/2023\/11\/New-Presentacion-homenaje2-9703.ppt\" title=\"\">PRESENTACI\u00d3N POWERTPOINT<\/a><\/p>\n\n\n\n<p><a href=\"http:\/\/villapresente.online\/wp-content\/uploads\/2023\/11\/GALERIA-la-maestra-y-el-alcalde.pdf\" title=\"\">GALERIA DE FOTOS PDF<\/a><\/p>\n\n\n\n<p><a href=\"http:\/\/villapresente.online\/wp-content\/uploads\/2023\/11\/AUDIOVISUAL-1.mpg\" title=\"\">AUDIOVISUAL DEL HOMENAJE<\/a><\/p>\n\n\n\n<p><a href=\"http:\/\/villapresente.online\/wp-content\/uploads\/2023\/11\/Libro-1.pdf\" title=\"\">POEMARIO COMPLETO PDF<\/a><\/p>\n","protected":false},"excerpt":{"rendered":"<p>El 6 de Noviembre de 2009 , a propuesta del proyecto \u201cVillapresente en la memoria\u201d, con el apoyo del Ayuntamiento de Reoc\u00edn y la Asociaci\u00f3n de Vecinos, se realiz\u00f3 un homenaje a Do\u00f1a Matilde Gonz\u00e1lez Serna; contando con la presencia <a class=\"more-link\" href=\"https:\/\/villapresente.online\/?page_id=349\">Seguir leyendo <span class=\"screen-reader-text\">  HOMENAJE A D\u00aa MATILDE<\/span><span class=\"meta-nav\">&rarr;<\/span><\/a><\/p>\n","protected":false},"author":1,"featured_media":0,"parent":0,"menu_order":14,"comment_status":"closed","ping_status":"closed","template":"","meta":{"om_disable_all_campaigns":false,"_monsterinsights_skip_tracking":false,"_monsterinsights_sitenote_active":false,"_monsterinsights_sitenote_note":"","_monsterinsights_sitenote_category":0,"footnotes":""},"class_list":["post-349","page","type-page","status-publish","hentry"],"aioseo_notices":[],"_links":{"self":[{"href":"https:\/\/villapresente.online\/index.php?rest_route=\/wp\/v2\/pages\/349","targetHints":{"allow":["GET"]}}],"collection":[{"href":"https:\/\/villapresente.online\/index.php?rest_route=\/wp\/v2\/pages"}],"about":[{"href":"https:\/\/villapresente.online\/index.php?rest_route=\/wp\/v2\/types\/page"}],"author":[{"embeddable":true,"href":"https:\/\/villapresente.online\/index.php?rest_route=\/wp\/v2\/users\/1"}],"replies":[{"embeddable":true,"href":"https:\/\/villapresente.online\/index.php?rest_route=%2Fwp%2Fv2%2Fcomments&post=349"}],"version-history":[{"count":11,"href":"https:\/\/villapresente.online\/index.php?rest_route=\/wp\/v2\/pages\/349\/revisions"}],"predecessor-version":[{"id":522,"href":"https:\/\/villapresente.online\/index.php?rest_route=\/wp\/v2\/pages\/349\/revisions\/522"}],"wp:attachment":[{"href":"https:\/\/villapresente.online\/index.php?rest_route=%2Fwp%2Fv2%2Fmedia&parent=349"}],"curies":[{"name":"wp","href":"https:\/\/api.w.org\/{rel}","templated":true}]}}

HOMENAJE A Dª MATILDE

<p>El 6 de Noviembre de 2009 , a propuesta del proyecto “Villapresente en la memoria”, con el apoyo del Ayuntamiento de Reocín y la Asociación de Vecinos, se realizó un homenaje a Doña Matilde González Serna; contando con la presencia de la Consejera de Educación, Rosa Eva Diaz Tezanos; del Alcalde de Reocín, Germán Fernández González y otras autoridades municipales.</p>



<figure class="wp-block-image size-large"><img loading="lazy" decoding="async" width="1024" height="768" src="https://villapresente.online/wp-content/uploads/2023/11/DSC02827-1024x768.jpg" alt="" class="wp-image-350" srcset="https://villapresente.online/wp-content/uploads/2023/11/DSC02827-1024x768.jpg 1024w, https://villapresente.online/wp-content/uploads/2023/11/DSC02827-300x225.jpg 300w, https://villapresente.online/wp-content/uploads/2023/11/DSC02827-768x576.jpg 768w, https://villapresente.online/wp-content/uploads/2023/11/DSC02827-1536x1152.jpg 1536w, https://villapresente.online/wp-content/uploads/2023/11/DSC02827.jpg 2048w" sizes="auto, (max-width: 1024px) 100vw, 1024px" /></figure>



<p>El numeroso público asistente se emocionó con los recuerdos y vivencias de su maestra.</p>



<figure class="wp-block-image size-large"><img loading="lazy" decoding="async" width="1024" height="768" src="https://villapresente.online/wp-content/uploads/2023/11/DSC02785-1024x768.jpg" alt="" class="wp-image-351" srcset="https://villapresente.online/wp-content/uploads/2023/11/DSC02785-1024x768.jpg 1024w, https://villapresente.online/wp-content/uploads/2023/11/DSC02785-300x225.jpg 300w, https://villapresente.online/wp-content/uploads/2023/11/DSC02785-768x576.jpg 768w, https://villapresente.online/wp-content/uploads/2023/11/DSC02785-1536x1152.jpg 1536w, https://villapresente.online/wp-content/uploads/2023/11/DSC02785.jpg 2048w" sizes="auto, (max-width: 1024px) 100vw, 1024px" /></figure>



<p>Los niños del “Colegio Publico José Saiz López” realizaron una evocación del teatro “La Carreta” y Delia Laguillo recitó algunos poemas de nuestra maestra.</p>



<figure class="wp-block-image size-large"><img loading="lazy" decoding="async" width="1024" height="768" src="https://villapresente.online/wp-content/uploads/2023/11/DSC02809-1024x768.jpg" alt="" class="wp-image-353" srcset="https://villapresente.online/wp-content/uploads/2023/11/DSC02809-1024x768.jpg 1024w, https://villapresente.online/wp-content/uploads/2023/11/DSC02809-300x225.jpg 300w, https://villapresente.online/wp-content/uploads/2023/11/DSC02809-768x576.jpg 768w, https://villapresente.online/wp-content/uploads/2023/11/DSC02809-1536x1152.jpg 1536w, https://villapresente.online/wp-content/uploads/2023/11/DSC02809.jpg 2048w" sizes="auto, (max-width: 1024px) 100vw, 1024px" /></figure>



<p><a href="http://villapresente.online/wp-content/uploads/2023/11/New-Presentacion-homenaje2-9703.ppt" title="">PRESENTACIÓN POWERTPOINT</a></p>



<p><a href="http://villapresente.online/wp-content/uploads/2023/11/GALERIA-la-maestra-y-el-alcalde.pdf" title="">GALERIA DE FOTOS PDF</a></p>



<p><a href="http://villapresente.online/wp-content/uploads/2023/11/AUDIOVISUAL-1.mpg" title="">AUDIOVISUAL DEL HOMENAJE</a></p>



<p><a href="http://villapresente.online/wp-content/uploads/2023/11/Libro-1.pdf" title="">POEMARIO COMPLETO PDF</a></p>

<p>El 6 de Noviembre de 2009 , a propuesta del proyecto “Villapresente en la memoria”, con el apoyo del Ayuntamiento de Reocín y la Asociación de Vecinos, se realizó un homenaje a Doña Matilde González Serna; contando con la presencia <a class="more-link" href="https://villapresente.online/?page_id=349">Seguir leyendo <span class="screen-reader-text">  HOMENAJE A Dª MATILDE</span><span class="meta-nav">&rarr;</span></a></p>
