{"id":300,"date":"2023-11-17T17:55:14","date_gmt":"2023-11-17T16:55:14","guid":{"rendered":"https:\/\/villapresente.online\/?page_id=300"},"modified":"2025-05-19T19:50:15","modified_gmt":"2025-05-19T17:50:15","slug":"la-educacion-en-villapresente","status":"publish","type":"page","link":"https:\/\/villapresente.online\/?page_id=300","title":{"rendered":"LAS ESCUELAS P\u00cdAS"},"content":{"rendered":"\n<p><br>Desde \u201cVillapresente en la memoria\u201d siempre hemos cre\u00eddo que nuestro pueblo fue pionero y privilegiado en la instalaci\u00f3n y funcionamiento de las primeras escuelas del entorno, y en un principio fue posible por el legado generoso de varios \u00abvillapresentinos\u00bb que a trav\u00e9s de \u00abFundaciones\u00bb hicieron posible el establecimiento de \u00abLas Escuelas P\u00edas\u00bb.<\/p>\n\n\n\n<p>D. Antonio de Valverde y Cossio el 15 de Diciembre de 1728, fund\u00f3 <em>\u201cla Capellan\u00eda de Nuestra Se\u00f1ora de La Guarda\u201d<\/em> y <em>\u201cLa Obra P\u00eda de Escuela de Primeras Letras\u201d<\/em> con el fin de que todos los ni\u00f1os y ni\u00f1as de Villapresente pudieran estar escolarizados.\u00a0La familia <em>\u201cRuiz de Peredo\u201d<\/em> contin\u00faa el legado de D. Antonio de Valverde al pueblo de Villapresente. D. Francisco Ruiz de Peredo, natural de Quijas, march\u00f3 a las Indias en busca de fortuna y tras lograrla, muri\u00f3 en Ciudad de M\u00e9jico en 1779, nombrando en su testamento como herederas a sus hermanas Mar\u00eda Luisa y Mar\u00eda Ana, con el encargo de crear una Obra P\u00eda de Primeras Letras y una C\u00e1tedra de Gram\u00e1tica en el portal de la Iglesia Parroquial de San Juan Bautista; nombrando Patronos al cura de la citada Iglesia y a los Regidores del Valle.<\/p>\n\n\n\n<figure class=\"wp-block-image size-full\"><img loading=\"lazy\" decoding=\"async\" width=\"937\" height=\"598\" src=\"https:\/\/villapresente.online\/wp-content\/uploads\/2023\/11\/escuela-villapresente.jpg\" alt=\"\" class=\"wp-image-301\" srcset=\"https:\/\/villapresente.online\/wp-content\/uploads\/2023\/11\/escuela-villapresente.jpg 937w, https:\/\/villapresente.online\/wp-content\/uploads\/2023\/11\/escuela-villapresente-300x191.jpg 300w, https:\/\/villapresente.online\/wp-content\/uploads\/2023\/11\/escuela-villapresente-768x490.jpg 768w\" sizes=\"auto, (max-width: 937px) 100vw, 937px\" \/><\/figure>\n\n\n\n<p><a href=\"http:\/\/villapresente.online\/wp-content\/uploads\/2023\/11\/Escuelas-de-Villapresente.pdf\" title=\"\">LA EDUCACI\u00d3N EN VILLAPRESENTE PDF<\/a><\/p>\n\n\n\n<p><\/p>\n","protected":false},"excerpt":{"rendered":"<p>Desde \u201cVillapresente en la memoria\u201d siempre hemos cre\u00eddo que nuestro pueblo fue pionero y privilegiado en la instalaci\u00f3n y funcionamiento de las primeras escuelas del entorno, y en un principio fue posible por el legado generoso de varios \u00abvillapresentinos\u00bb que <a class=\"more-link\" href=\"https:\/\/villapresente.online\/?page_id=300\">Seguir leyendo <span class=\"screen-reader-text\">  LAS ESCUELAS P\u00cdAS<\/span><span class=\"meta-nav\">&rarr;<\/span><\/a><\/p>\n","protected":false},"author":1,"featured_media":0,"parent":0,"menu_order":10,"comment_status":"closed","ping_status":"closed","template":"","meta":{"om_disable_all_campaigns":false,"_monsterinsights_skip_tracking":false,"_monsterinsights_sitenote_active":false,"_monsterinsights_sitenote_note":"","_monsterinsights_sitenote_category":0,"footnotes":""},"class_list":["post-300","page","type-page","status-publish","hentry"],"aioseo_notices":[],"_links":{"self":[{"href":"https:\/\/villapresente.online\/index.php?rest_route=\/wp\/v2\/pages\/300","targetHints":{"allow":["GET"]}}],"collection":[{"href":"https:\/\/villapresente.online\/index.php?rest_route=\/wp\/v2\/pages"}],"about":[{"href":"https:\/\/villapresente.online\/index.php?rest_route=\/wp\/v2\/types\/page"}],"author":[{"embeddable":true,"href":"https:\/\/villapresente.online\/index.php?rest_route=\/wp\/v2\/users\/1"}],"replies":[{"embeddable":true,"href":"https:\/\/villapresente.online\/index.php?rest_route=%2Fwp%2Fv2%2Fcomments&post=300"}],"version-history":[{"count":5,"href":"https:\/\/villapresente.online\/index.php?rest_route=\/wp\/v2\/pages\/300\/revisions"}],"predecessor-version":[{"id":1031,"href":"https:\/\/villapresente.online\/index.php?rest_route=\/wp\/v2\/pages\/300\/revisions\/1031"}],"wp:attachment":[{"href":"https:\/\/villapresente.online\/index.php?rest_route=%2Fwp%2Fv2%2Fmedia&parent=300"}],"curies":[{"name":"wp","href":"https:\/\/api.w.org\/{rel}","templated":true}]}}