{"id":235,"date":"2023-11-15T19:18:57","date_gmt":"2023-11-15T18:18:57","guid":{"rendered":"https:\/\/villapresente.online\/?page_id=235"},"modified":"2023-11-29T13:49:17","modified_gmt":"2023-11-29T12:49:17","slug":"casas-consistoriales","status":"publish","type":"page","link":"https:\/\/villapresente.online\/?page_id=235","title":{"rendered":"CASAS CONSISTORIALES"},"content":{"rendered":"\n<p>En el Ayuntamiento de Reoc\u00edn nuestra Casa Consistorial est\u00e1 situada en \u201cLa Robleda\u201d, muy cerca de donde se construy\u00f3 la antigua \u201cCasa de Juntas\u201d y los m\u00e1s viejos del lugar recuerdan que hace algo m\u00e1s de cien a\u00f1os estaba en el lugar de \u201cLa Rampa\u201d (Valles) e incluso oyeron que anteriormente estaba en el pueblo de Reoc\u00edn.<\/p>\n\n\n\n<p>Para investigar sobre la historia de nuestras Casas Consistoriales contamos con los libros de actas de los Plenos Municipales. Escondidos en el rinc\u00f3n m\u00e1s inaccesible del archivo municipal se encuentran 25 libros de 100 \u00f3 200 p\u00e1ginas manuscritos por los sucesivos Secretarios del Ayuntamiento.<\/p>\n\n\n\n<p>Con una elemental c\u00e1mara digital he fotografiado las cinco mil p\u00e1ginas de que constan. He recortado, numerado y guardado en carpetas este material de alt\u00edsimo valor hist\u00f3rico, para que no suceda lo que sucedi\u00f3 en el cambio de la Casa Consistorial desde Valles a Puente San Miguel, que  se perdieron todos los libros anteriores a 1895 y me temo que otros documentos irrecuperables.<\/p>\n\n\n\n<p>Sirva como ejemplo los documentos del \u201cPleito de los Valles\u201d recuperados cuando iban a ser tirados a la basura.<\/p>\n\n\n\n<figure class=\"wp-block-image size-large\"><img loading=\"lazy\" decoding=\"async\" width=\"1024\" height=\"768\" src=\"https:\/\/villapresente.online\/wp-content\/uploads\/2023\/11\/casa-consistorial-1910-b-1024x768.jpg\" alt=\"\" class=\"wp-image-238\" srcset=\"https:\/\/villapresente.online\/wp-content\/uploads\/2023\/11\/casa-consistorial-1910-b-1024x768.jpg 1024w, https:\/\/villapresente.online\/wp-content\/uploads\/2023\/11\/casa-consistorial-1910-b-300x225.jpg 300w, https:\/\/villapresente.online\/wp-content\/uploads\/2023\/11\/casa-consistorial-1910-b-768x576.jpg 768w, https:\/\/villapresente.online\/wp-content\/uploads\/2023\/11\/casa-consistorial-1910-b-1536x1152.jpg 1536w, https:\/\/villapresente.online\/wp-content\/uploads\/2023\/11\/casa-consistorial-1910-b-2048x1536.jpg 2048w\" sizes=\"auto, (max-width: 1024px) 100vw, 1024px\" \/><\/figure>\n\n\n\n<p><a href=\"http:\/\/villapresente.online\/wp-content\/uploads\/2023\/11\/CASA-CONSISTORIAL-DE-REOCIN-1.pdf\" title=\"\">CASAS CONSISTORIALES PDF<\/a><\/p>\n","protected":false},"excerpt":{"rendered":"<p>En el Ayuntamiento de Reoc\u00edn nuestra Casa Consistorial est\u00e1 situada en \u201cLa Robleda\u201d, muy cerca de donde se construy\u00f3 la antigua \u201cCasa de Juntas\u201d y los m\u00e1s viejos del lugar recuerdan que hace algo m\u00e1s de cien a\u00f1os estaba en <a class=\"more-link\" href=\"https:\/\/villapresente.online\/?page_id=235\">Seguir leyendo <span class=\"screen-reader-text\">  CASAS CONSISTORIALES<\/span><span class=\"meta-nav\">&rarr;<\/span><\/a><\/p>\n","protected":false},"author":1,"featured_media":0,"parent":0,"menu_order":3,"comment_status":"closed","ping_status":"closed","template":"","meta":{"om_disable_all_campaigns":false,"_monsterinsights_skip_tracking":false,"_monsterinsights_sitenote_active":false,"_monsterinsights_sitenote_note":"","_monsterinsights_sitenote_category":0,"footnotes":""},"class_list":["post-235","page","type-page","status-publish","hentry"],"aioseo_notices":[],"_links":{"self":[{"href":"https:\/\/villapresente.online\/index.php?rest_route=\/wp\/v2\/pages\/235","targetHints":{"allow":["GET"]}}],"collection":[{"href":"https:\/\/villapresente.online\/index.php?rest_route=\/wp\/v2\/pages"}],"about":[{"href":"https:\/\/villapresente.online\/index.php?rest_route=\/wp\/v2\/types\/page"}],"author":[{"embeddable":true,"href":"https:\/\/villapresente.online\/index.php?rest_route=\/wp\/v2\/users\/1"}],"replies":[{"embeddable":true,"href":"https:\/\/villapresente.online\/index.php?rest_route=%2Fwp%2Fv2%2Fcomments&post=235"}],"version-history":[{"count":5,"href":"https:\/\/villapresente.online\/index.php?rest_route=\/wp\/v2\/pages\/235\/revisions"}],"predecessor-version":[{"id":477,"href":"https:\/\/villapresente.online\/index.php?rest_route=\/wp\/v2\/pages\/235\/revisions\/477"}],"wp:attachment":[{"href":"https:\/\/villapresente.online\/index.php?rest_route=%2Fwp%2Fv2%2Fmedia&parent=235"}],"curies":[{"name":"wp","href":"https:\/\/api.w.org\/{rel}","templated":true}]}}